t = -12*p + 19945, -3*p + 11967 = 2*t. Is p a composite number?
False
Let j = -46 - -42. Let y(q) = -29*q - 7. Is y(j) a prime number?
True
Let w(i) = -6*i**3 + 12*i**2 - 18*i + 17. Let l(n) = 7*n**3 - 12*n**2 + 19*n - 18. Let a(v) = 5*l(v) + 6*w(v). Let u be a(11). Is (194/3)/(u/(-105)) prime?
False
Let m(c) = 4915*c - 458. Is m(9) a composite number?
False
Suppose 204681 = -86*x + 2262575. Is x a prime number?
True
Let s(z) = z + 7. Let w be s(-6). Let k = w + 2. Is 79*(3 - 1) + k a prime number?
False
Let w(c) be the second derivative of -c**4/12 + 16*c**3/3 - 13*c**2 - 3*c. Let q = -205 - -219. Is w(q) a prime number?
False
Let l(g) = -4*g - 30. Let a be l(-8). Is 4645*((0 + a - 0) + -1) prime?
False
Let c(r) = r**3 - 10*r**2 + 14*r + 5. Let w(i) = 3*i**2 - 2*i + 2. Let h be w(2). Let b be c(h). Let f = 12 + b. Is f a prime number?
True
Suppose 3*c - 658 = -2*i + 3243, 9765 = 5*i + 5*c. Suppose -q - 2461 = -5*x + 2*q, i = 4*x + 3*q. Is x composite?
False
Let c(k) = 26*k**2 - 5*k + 3. Suppose 0*l - 5*t = -2*l - 28, l = -t. Is c(l) prime?
True
Let l = 8 - 16. Let b = l - -10. Suppose b*x - 2*p - 236 = 52, -p = 2*x - 273. Is x a prime number?
True
Suppose -16801 = -6*j + 19643. Is j a prime number?
False
Suppose 2*j + 7669 = 3*j. Is j composite?
False
Let v(a) = -6*a**3 - 7*a**2 + 6*a - 20. Let s(i) = 30*i**3 + 36*i**2 - 31*i + 99. Let n(j) = -2*s(j) - 11*v(j). Is n(5) prime?
True
Let i be (-4 - -11)*2*85. Suppose 0 = -3*p - 2*p + i. Suppose -5*a + p = 23. Is a a composite number?
False
Let s be (-3)/(-2)*16/(-3). Let g(r) = 2*r + 19. Let n be g(s). Suppose -57 - 938 = -n*c - h, 2*c + 5*h - 672 = 0. Is c a composite number?
False
Let d be (-1)/((-3 + 7)/(-4)). Suppose -h + d = -2. Suppose 0*k - k = 4*t - 653, h*k = t - 160. Is t composite?
False
Let g be (1 + (-33)/6)*13212/27. Suppose 5*i - 20 - 18 = -4*w, 2*w - 4*i - 32 = 0. Is w/(-42) - g/14 a prime number?
True
Suppose 0 = -2*j + 9*j - 5579. Is j composite?
False
Let w be (2 - -2)*(-34)/(-8). Let n = w - 20. Is (3 - n)*15/6 composite?
True
Let z be ((-2)/(-3))/((-6)/(-45)). Suppose 0 = -z*f + 7*f + 1276. Is -3 - (f + (4 - 0)) prime?
True
Let h(z) = z**2 + 3*z - 5. Let i be h(-4). Is i/((-12)/(-1076))*-3 a prime number?
True
Let q be (-6)/(-15) + (-8)/(-5). Suppose 5*d + 155 = 5*z, -q*d = 3*z - 8*z + 59. Let p = 65 + d. Is p composite?
True
Let r = 694 + -213. Is r a composite number?
True
Suppose 0 = -x - 190 + 452. Let l = 39 + -16. Let n = x - l. Is n composite?
False
Suppose 6*r - 7*r + 36 = 0. Suppose 34*w = r*w - 916. Let j = -137 + w. Is j composite?
True
Suppose -k - 46498 = -3*k. Is k composite?
True
Let f = -2733 - -6816. Is f a composite number?
True
Let s = -499 + 1256. Is s composite?
False
Let y(v) be the first derivative of -4*v**2 + 39*v + 20. Is y(-15) a composite number?
True
Let x = -101 + 95. Let o = x + 75. Is o prime?
False
Suppose -248*l + 242*l + 76530 = 0. Is l a composite number?
True
Suppose 2*w + f = 46, -33 + 95 = 3*w + 5*f. Suppose w = -0*h - 4*h. Is 34/6*(h - -27) prime?
False
Suppose 0 = 4*i + v + 3, 3*i = -2*v + v - 3. Let m be 20/5 + (i - 0). Suppose -x - 231 = -m*x. Is x a composite number?
True
Let d(u) = -u**3 + u**2 - u. Let b(i) = -60*i**3 + 3*i**2 - 5*i + 2. Let c(h) = -b(h) + 3*d(h). Is c(1) a prime number?
False
Suppose 234 - 3485 = -3*r + 2*c, -10 = -2*c. Is r prime?
True
Suppose -1658 = -r + 2*a + 187, 3*a = -6. Is r a composite number?
True
Suppose 3*x + 2*x - 12605 = -4*s, 5*s = 3*x - 7563. Is x a composite number?
False
Let b be (-15)/(-10) - 9/6. Suppose 5*o + w = -b*w + 2940, -3*w - 572 = -o. Is o prime?
True
Suppose -2*a = -4*q + 82907 + 27431, 3*q - 82731 = -3*a. Is (2/(-3))/((-4)/q) composite?
False
Is 6*9631/10 + 10/25 prime?
True
Let r = -47959 - -149196. Is r composite?
True
Suppose 8*q = 3*q + 4445. Let r = q - -214. Is r prime?
True
Let r(q) = 206*q + 93. Is r(5) composite?
False
Suppose -2*i + 798 + 2078 = 0. Is i a prime number?
False
Suppose 4*y = -2*u + 10036, 5*u = y + 4*y - 12530. Let t = -1637 + y. Is t a prime number?
False
Let t be (-32)/(-5) - 1 - 2/5. Suppose -t*s = -578 - 257. Is s composite?
False
Let q(h) = 3*h**3 - h**2 + 6*h + 3. Is q(4) prime?
False
Suppose -2*x - q + 7 = 0, -x + 3 = 7*q - 6*q. Suppose -r = -x*r + 633. Is r a prime number?
True
Let l = 9185 - -1334. Is l composite?
True
Is (66/18 + -4)*(-1061790)/10 composite?
False
Let z(y) be the second derivative of 37*y**3/3 + 45*y**2/2 + 2*y. Is z(12) a composite number?
True
Suppose 10*c - 7181 = 5*c + 3*o, -c = 5*o - 1453. Is c composite?
True
Is ((225486/4)/3)/(82/164) composite?
True
Let d(z) = 1608*z**2 - z. Let s be d(-1). Suppose 0 = -5*c + 3*h + 4020, 3*c + s = 5*c - h. Is c a prime number?
False
Let o = 5857 + -1118. Is o a prime number?
False
Let b = 13602 - 9635. Is b a composite number?
False
Let r = 993 + 98. Suppose 0 = 3*p + 2*g + 2*g - 3269, -p + r = 2*g. Is p a composite number?
False
Is 39 + (3 - 6) + 3 prime?
False
Suppose 8*i - 756 = 4*i. Let w = 293 - i. Suppose 21 + w = c + 2*k, 3*c - 335 = 2*k. Is c a composite number?
True
Suppose 17 = a - 2*j, 4*a - 62 + 14 = 4*j. Suppose x = a*v - 2*v - 14994, 11994 = 4*v - 2*x. Is v prime?
True
Suppose 3295 = 5*d + 5*g, -1318 = -4*d + 2*d + 3*g. Is d a prime number?
True
Let i be (-2 + -3)*(-2)/10. Let x(o) = 43*o. Let d(j) = -j + 1. Let w(n) = -2*d(n) + x(n). Is w(i) prime?
True
Let w = 365 - 537. Suppose r = -2*s + 36, -58 - 10 = -2*r - 3*s. Is w/(-5) + r/(-70) a prime number?
False
Let w(o) = 112*o**3 - 6*o**2 + 2*o + 23. Is w(5) a composite number?
False
Let f(i) = -i. Let d be f(2). Let b be (1 + d)/(1/(-5)). Is 2/b + (-1728)/(-30) prime?
False
Let s = -9 - -12. Let u be 18/6*3/s. Suppose 0 = v - u, 3*o = -4*v - 0*v + 321. Is o a composite number?
False
Let q be (-480)/(-112) - (-2)/(-7). Suppose 5*b + n = 19, -q*n + n + 12 = 0. Suppose 883 = 5*f - b*i - 187, -5*f - 2*i = -1045. Is f a composite number?
False
Suppose -3*i - 1519 - 2082 = -5*p, -2*p + 1446 = -4*i. Is p a composite number?
False
Let f = 75 + -15. Suppose -f*y = -65*y + 2495. Is y a composite number?
False
Let u = -14223 - -43025. Is u a composite number?
True
Suppose r - 2*r - 3*k = 2, 0 = 2*r + 5*k + 3. Is (1822/6)/(r/3) a composite number?
False
Let w(z) = -642*z**3 + 2*z**2 - 12*z - 27. Is w(-2) composite?
True
Suppose 12 = 2*f + 4*f. Is -1996*(f - 45/20) composite?
False
Let q(f) be the second derivative of 0 - 2*f + 557/2*f**2 + 1/6*f**3. Is q(0) a prime number?
True
Suppose r + 9010 = 5*a - 0*r, -5408 = -3*a + r. Is a composite?
False
Let c = 16880 - 6358. Is c a composite number?
True
Let d = 26 + -21. Suppose d*y - 2532 = -7*y. Is y prime?
True
Let z = -34 + 253. Suppose 2*r - 4 = 6. Suppose r*f - z = -i + f, -f + 846 = 4*i. Is i a prime number?
True
Is 919696/144 - 4/(-18) prime?
False
Suppose 4*o + 3*p - 2316 = 0, -1083 = -3*o + 5*p + 625. Suppose 5*h - 20 = 0, 0*w - o = -2*w + 5*h. Suppose 4*n - 2*n - w = 0. Is n a prime number?
True
Let r = -8344 - -17621. Is r composite?
False
Suppose -4*c + 5492 = -2*c. Suppose 2*s = -3*q + 2387, 465 + c = 4*q - 3*s. Let i = 1320 - q. Is i composite?
False
Suppose a - 31*p + 35*p - 28369 = 0, -4*a - p = -113401. Is a prime?
True
Let v(n) = 13*n**3 - 11*n**2 - 15*n + 11. Is v(6) a composite number?
False
Let v(s) = 3*s - 14. Let f be v(6). Suppose -f*x - 1480 = 3092. Is (-4 + 2)*x/6 composite?
True
Suppose 51*p + 748 = 47*p. Let s = 900 + p. Is s a composite number?
True
Let h(c) = -1291*c - 64. Let o(l) = -258*l - 13. Let n(b) = -2*h(b) + 11*o(b). Is n(-4) a composite number?
False
Let j(a) = 32*a - 23. Let z(c) = 65*c - 46. Let m(k) = -5*j(k) + 2*z(k). Is m(-7) composite?
False
Let t = 43805 - 6142. Is t a composite number?
False
Suppose -7*b + 5*b + 482 = 0. Suppose -2*a - b = 3*y + 440, 5*a + 1755 = 3*y. Let z = a - -559. Is z prime?
True
Suppose 29*t - 637757 = 169632. Is t prime?
False
Suppose -7*g - 8*g + 15135 = 0. Is g a composite number?
False
Suppose -29*s = -11*s - 65574. Is s composite?
False
Let b = -10624 + 20741. Is b a prime number?
False
Let a = 200 - -529. Suppose -6*l + 1493 = 4*i - l, 2*i - l = a. Is i prime?
True
Suppose -20*m + 16*m = -16. Suppose -m*t + 7527 = -3*l, -3008 = -2*t + 4*l + 768. Let g = -281 + t. Is g a prime number?
True
Suppose -n + 3*h = -285